 - 10*j + 16. What is l(t)?
-5
Let m = 67 + -63. Let k(x) = -m - 12 + 8 + 5*x. Give k(6).
22
Let j(q) be the second derivative of -q**4/6 + q**2 + q. Suppose 19117 - 9548 = -5*y + 9554. Calculate j(y).
-16
Let t(j) be the second derivative of -j**4/12 + 19*j**3/6 - 87*j**2/2 - 57*j - 9. Determine t(7).
-3
Let t(b) = -158*b**2 - 4*b - 108*b**2 + 5 + 267*b**2. Give t(2).
1
Let g(h) be the first derivative of -19*h**2/2 + h + 37. Let m be 6 + -6 - (-4 + -1). Suppose l - o = -6, -7 = -3*l - 3*o + m. Determine g(l).
20
Let h(q) be the second derivative of -1/6*q**3 + 1/24*q**4 - 15/2*q**2 + 0 - 11*q. Let m(t) be the first derivative of h(t). Determine m(6).
5
Let x(i) = -3*i**2 - 1 + 2*i**2 + 0. Let c(p) = p**2 - 3*p + 5. Let v be c(3). Let y be 10/4 + v/(-10). Give x(y).
-5
Suppose -2*q = 10, -5*j - q = -4*j + 12. Let c(h) = h**2 - 23*h - 212. Calculate c(j).
-2
Suppose 2*j - 5*a = 7*j - 15, -25 = 5*a. Let v be j/4*(-2)/(-2). Let n(f) = 0*f**v + f**3 - 6*f - 4 + 2*f**2 + 4*f. What is n(-3)?
-7
Let s(n) = 16*n + 88. Suppose -12*p = -82*p - 350. What is s(p)?
8
Let c(i) = -2*i - 3*i**2 - 5*i - 22*i + 8 - i**3 + 44*i. What is c(-6)?
26
Let w(p) = 4*p + 48. Let g be w(-17). Let f be 0 + ((-2)/(-3)*-6 - g). Let s = 22 - f. Let o(n) = n**2 - 5*n - 4. Give o(s).
2
Let w(o) = 19*o**3 + 37*o**2 + 42*o + 27. Let z(p) = -4*p**3 + p**2 + 1. Let k(g) = -w(g) - 5*z(g). Calculate k(43).
11
Let g(m) = 2*m**2 + 6*m + 53. Let c(i) = i**3 - i**2 - 4*i - 3. Let s(o) = c(o) + g(o). Calculate s(0).
50
Let q(o) = -5*o**2 - 14*o - 33. Let s = 10671 + -10674. Determine q(s).
-36
Let z(c) = -7*c + 4. Let r(s) = -6*s + 5. Let p(x) = 6*r(x) - 5*z(x). Let n = -186628 + 186620. What is p(n)?
18
Suppose -14*w + 24*w = 60. Let v(h) = 13*h**3 - h**2 + 13*h + 4. Let r(g) = 7*g**3 - g**2 + 7*g + 2. Let t(j) = w*v(j) - 11*r(j). Give t(-4).
14
Let x(i) = -5*i**3 + 4*i**2 - 5*i + 2. Let r(g) = 240*g + 1441. Let j be r(-6). Calculate x(j).
-4
Let h(q) = -q**3 - 3*q**2 + 6*q - 66. Let b be h(-6). Let c(x) = -x**2 + 3*x + 5. Give c(b).
-13
Suppose -7*z = 160 - 132. Let f(i) = -4*i**3 - i**2 - 10. Let x(w) = -5*w**3 - 11. Let o(p) = -4*f(p) + 3*x(p). Determine o(z).
7
Suppose -7*b = -2*b - s - 73, -11 - 15 = 2*s. Let i(n) be the second derivative of -n**5/20 + n**4 - n**3/3 + 23*n**2/2 - n. Give i(b).
-1
Let t(f) = -f**2 + 3*f - 6. Suppose 2 = 3*m - 2*z, 34 = 4*m + 4*z - 22. Determine t(m).
-24
Let d(j) = j**2 - 32*j - 45. Let i = -23649 + 23681. Calculate d(i).
-45
Let g be 3 - (0/1)/(4 + -2). Let o(y) = -276*y**3 + 6*y + 3*y + 8 + 277*y**g + 8*y**2. Calculate o(-7).
-6
Suppose -11 = -2*z - 1. Let h(w) be the third derivative of w**6/120 - w**5/12 + w**4/8 - w**3 - 56*w**2 - 7. Calculate h(z).
9
Let g(m) = 5*m + 2. Suppose 4*x + 83 = 2*v - 105, v = -5*x + 94. Let j be 705/v*(-4)/(-5). Give g(j).
32
Let s(z) = -z**2 - 13*z - 22. Let w = 10340 - 10350. Determine s(w).
8
Let z(a) = 2*a**3 + 23*a**2 + 33*a - 7. Let u(h) = h**3 - h**2 + 2*h. Let s(t) = 3*u(t) - z(t). Determine s(27).
7
Let x(q) = 5*q**3 + 45*q**2 - 28*q + 48. Let j(m) = -6*m**3 - 47*m**2 + 26*m - 41. Let u(l) = -4*j(l) - 5*x(l). Calculate u(-38).
0
Suppose -58*p = -23*p - 286 - 204. Let j(l) = l**2 - 14*l + 5. What is j(p)?
5
Let x = -186 - -188. Suppose 4*u - 3*a = 20 - 17, -22 = 4*u + x*a. Let w(y) = y**3 + 4*y**2 - 3. Give w(u).
6
Let h(w) be the first derivative of 5 + w**2 + 2/3*w**3 + w. Let o be (108/189)/((-2)/7). Determine h(o).
5
Suppose -m = -5*i + 5, -3*i + 3*m + 2*m - 19 = 0. Let g(k) = -2*k + 10 - 8*k + 60*k**2 + 58*k**i - 117*k**2. Determine g(8).
-6
Let q(i) = 342 - i**3 - 28*i + 317 - 680 + 16*i**2 + 13*i**2. Give q(28).
-21
Let b(t) = -t - 7. Suppose 3*z + 4*u + 11 = 31, 5*u - 25 = -3*z. Suppose 4 = -2*k, 3*p - k - 120 - 170 = z. Let w = p - 102. Give b(w).
-1
Suppose 28*d - 240 = 8*d. Let r(a) = -2*a**2 + 2 - 3 + d*a + a**2 - 11. What is r(8)?
20
Let q(h) be the first derivative of h**2/2 + 14*h + 696. Determine q(-12).
2
Let o = -43 + 43. Suppose o = 10*u + 84 - 54. Let v(w) = w**3 + 2*w**2 - w - 2. Give v(u).
-8
Let h(f) be the third derivative of -f**4/12 - 43*f**3/6 - 664*f**2. Give h(-13).
-17
Let o(v) = -47*v - 926. Let m(p) = 26*p + 451. Let b(g) = -9*m(g) - 4*o(g). Give b(-8).
13
Let t(f) = 12*f - 9. Let i(z) = 11*z - 8. Let a(h) = 3*i(h) - 2*t(h). Let k(r) = 26*r - 15. Let w(j) = -11*a(j) + 4*k(j). Determine w(-4).
-14
Let x = 1268 + -1260. Let a(r) = -r**3 + 9*r**2 - 2*r - 7. Calculate a(x).
41
Let v(j) = 6*j**2 + 52*j + 29. Let q be v(-8). Let t(f) be the second derivative of 0 - 1/20*f**5 - 3/2*f**2 - 5/6*f**3 - 5/12*f**4 - 2*f. Calculate t(q).
-6
Let n(j) be the first derivative of 0*j + 1/6*j**4 + 23/2*j**2 - 16 - 1/6*j**3. Let a(y) be the second derivative of n(y). What is a(1)?
3
Let q(h) = -h**2 + 7*h + 14. Suppose 2183 = 19*y - 1826. Let o = y + -203. Calculate q(o).
6
Let i(a) be the first derivative of 9*a**2/2 - 382*a - 6729. Give i(43).
5
Suppose 7*a - 5*a = 208. Let v(n) = -n**3 + 8 + 213*n - 102*n - a*n + 7*n**2. What is v(8)?
0
Let z(s) = -2*s - 13. Let t be z(-11). Suppose t*i = -7*i. Let f(w) = w - 23. What is f(i)?
-23
Let b(d) = d**2 - 45*d + 132. Let j be (-504)/15*(-185)/148. Calculate b(j).
6
Suppose -23*f - 9*f + 1603 = 99. Let a(x) = x**3 - 46*x**2 - 47*x - 1. Give a(f).
-1
Let s(p) be the first derivative of -p**2/2 + 46*p - 5684. Give s(14).
32
Suppose -22 - 13 = -7*o. Suppose 45 = o*k - 10. Let u(v) = -v + 15. Calculate u(k).
4
Suppose 4*l = l - 12. Let n(m) be the second derivative of m**4/12 + m**3/3 - 2*m**2 - 9475*m. Calculate n(l).
4
Let k(l) = 24*l**2 - 5*l + 15. Let n(h) = -25*h**2 + 5*h - 16. Let j(z) = 6*k(z) + 5*n(z). Let r(u) = 9*u**2 - 2*u + 4. Let a(d) = -2*j(d) + 5*r(d). Give a(-2).
28
Let s = 129 - 127. Let j(o) = -521 + 521 + 7*o**s - o**3 - 7*o. Let v(a) = 2*a - 10. Let h be v(8). Calculate j(h).
-6
Let o(x) = 6*x**3 + 12*x**2 - 2*x - 26. Let l(m) = -7*m**3 - 14*m**2 + 2*m + 26. Let b(r) = 5*l(r) + 6*o(r). What is b(-5)?
-91
Let z be -9 + 58 + (-10)/2. Suppose -z*h - 48 = -50*h. Let i(b) = -2*b + 18. Calculate i(h).
2
Let u(o) = 2*o**3 - 17*o**2 + 16*o - 23. Let l be u(8). Let a(q) = 2*q - 85. Determine a(l).
-3
Suppose 3 = -z + 2*z. Let h(x) be the first derivative of 1/3*x**3 - 3*x + 1/2*x**2 - 36. Give h(z).
9
Let s = -337 - -354. Suppose s*c + 46 - 12 = 0. Let t(i) = 2*i**2 + 1. Give t(c).
9
Let g = 2 + 2. Let m(h) be the first derivative of 2*h**3/3 - 7*h**2/2 + 10*h - 1147. What is m(g)?
14
Let j(h) = h**2 - 20*h + 2. Suppose 2*r - i = 57, 5*r + i = -2*i + 126. Suppose -r*c = -33*c + 120. What is j(c)?
2
Let a = -34 - -104. Let k = a - -63. Let d(y) = 4 - 1 - k*y**2 - y**3 + 142*y**2. Calculate d(9).
3
Suppose -647*w + 674*w + 162 = 0. Let s(a) = a**2 - 7 + 4 + 8*a + 2. What is s(w)?
-13
Suppose 478 = 9*v - 152. Suppose -3*i - 40 = 5*c, -v*i + 65*i - 5*c - 50 = 0. Let o(l) = l**3 + 7*l**2 + 1 + 8*l + 6 + 0. Determine o(i).
17
Let c be (44/(-33))/((-20)/(-9) - 2). Let g be 8/(-32)*(-171 - 1). Let f(k) = -88*k + 44*k - 1 + g*k. What is f(c)?
5
Let i(b) = b - 5. Let z(x) = -7*x - 58. Suppose -4*w + 0*w + 140 = -4*h, -2*w + 3*h = -65. Suppose -w = 8*j - 4*j. Let q be z(j). What is i(q)?
7
Let k(f) be the first derivative of -5*f**2 - 579*f - 10572. Give k(-58).
1
Let k = 8 - 13. Let v(c) be the second derivative of c**3/6 - c**2 - 427*c + 24. Calculate v(k).
-7
Suppose v - 2 = -2*v - 5*k, -7 = 2*v - 5*k. Let f(a) = -67*a**2 - a - 2. Let u be f(v). Let i = u - -69. Let m(x) = -11*x**3 - 2*x + 1. Give m(i).
-12
Let w(d) = d**3 - 17*d**2 + 15*d + 19. Let o(x) = 51*x**2 + 34*x - 68. Let a be o(2). Suppose 0 = -a*h + 175*h + 464. Calculate w(h).
3
Let o(w) = w**2 + 4*w + 6. Let x be 3 - (-32)/(-4) - -3. Let s be o(x). Let k(j) = j + 5*j**s + 10 - 9 - 4*j**2 + 8*j**3. What is k(-1)?
-7
Suppose -x + 6 = 5, -5*x - 5 = -5*j. Let w(k) = -3*k**j + k - 5 + 13 - 8. Calculate w(2).
-10
Let f(p) be the third derivative of -p**7/1008 + p**6/90 - p**5 + p**3/3 - 97*p**2. Let o(h) be the third derivative of f(h). Give o(6).
-22
Let k(u) = -6*u**3 - 122*u**2 - 38*u - 39. Let g(v) = 5*v**3 + 102*v**2 + 39*v + 41. Let s(z) = 5*g(z) + 4*k(z). Determine s(-20).
-11
Suppose -p - 75 + 54 + 37 = 0. Let v(t) = -t - 14. What is v(p)?
-30
Let c(m) be the first derivative of -